 9*b. Calculate the greatest common factor of b and 153.
17
Let d be (-1)/(52/(-39)) - 3/(48/(-4340)). What is the highest common divisor of 752 and d?
16
Let q(f) = -2*f**3 + 3*f**2 - 4*f + 2. Let u be q(1). Let m be u*3/(-2)*1512/54. Calculate the highest common divisor of m and 24.
6
Suppose 3 - 1 = -2*k. Let f be (-2)/(-1) - (k - 1). Suppose -5*p + 11 = -29. What is the highest common factor of p and f?
4
Suppose -235*k + 27748 = -368*k + 96642. Calculate the greatest common divisor of 18389 and k.
259
Let y be 2/3 + 48/(-72). Let k be (4 + (-15)/3)*y. Suppose 3*j - f = 5, k*j - 4*f + 12 = 4*j. Calculate the highest common divisor of j and 3.
1
Let u(c) = 23*c + 1. Let h be u(-7). Let n = h - -256. Let s(l) = 15*l - 51. Let q be s(5). What is the greatest common factor of q and n?
24
Let o = -7245 + 7725. What is the highest common divisor of 210 and o?
30
Suppose 182*g = -48*g + 31*g + 19502. What is the greatest common factor of 686 and g?
98
Let n = 8 - -10. Let l(y) = -y**2 + 28*y - 11. Let q be l(14). Let u = q + -23. Calculate the greatest common factor of n and u.
18
Suppose 0 = 5*k - 4*p - 20, 4*k - 3*p = 5 + 11. Suppose 0 = k*a - 36 - 20. Let f be (-20 + 132)*1/2. What is the highest common factor of a and f?
14
Let l be 8/20*1 - 13/(-5). Let w(k) = l*k + 13*k - k - 6*k - k**2 + 8. Let i be w(7). Calculate the greatest common factor of i and 2.
2
Let p be (-36)/(-21)*(-7)/(-2) + 64. Suppose -9*g + 1080 = 3*g. What is the highest common divisor of g and p?
10
Let q = 422 + -414. Suppose 8 = -r + 5*r. Suppose 0 = r*m + b - 6*b - 251, -644 = -5*m - 4*b. What is the greatest common divisor of m and q?
8
Let c = 5325 - 5241. Calculate the greatest common divisor of c and 108.
12
Let d be 1*-32*((-88)/(-8) - 245). What is the greatest common divisor of 117 and d?
117
Let t be (-6732)/(-170)*220/6. Calculate the greatest common factor of 5280 and t.
132
Suppose -4*n + n - r + 27 = 0, n = 5*r + 25. Suppose 1 = 10*w - 99. What is the highest common factor of n and w?
10
Let j be (5/((-50)/(-4)))/(1/75). Suppose 5*p = j - 5. Suppose -5*x + p*v = -245, 2*x + 0*v = -3*v + 103. Calculate the highest common divisor of 10 and x.
10
Let f(d) = 2*d**2 - 2 + 2*d**3 - 3*d + 3 - 4. Let c be f(-2). Let w be ((-1)/(9/93))/(c/15). Calculate the highest common divisor of w and 93.
31
Let y = -21130 + 23905. Calculate the highest common factor of 12 and y.
3
Let c = 7874 - 7863. Calculate the highest common divisor of 638 and c.
11
Suppose 5*w + 5*n - 940 = 0, 536 = 10*w - 7*w - 4*n. What is the highest common divisor of 1012 and w?
92
Suppose -5*g = 3*m - 55, -3*m + 33 = 3*g - 2*m. Suppose -96*n = 4*f - 93*n - 334, -3*f = -n - 270. Calculate the greatest common divisor of f and g.
11
Let l be (-13)/(-26) - 1665/(-30). Calculate the highest common factor of 2176 and l.
8
Suppose -3*v + 317 - 126 = -5*p, 2*v + p = 136. What is the greatest common divisor of v and 12127?
67
Let f be 4 - (-206 - 35/(-7)). Let a = f + -192. Calculate the greatest common factor of 26 and a.
13
Suppose 47*a - 52*a + 587 + 313 = 0. Calculate the greatest common divisor of a and 660.
60
Let p be (19 - 14) + (-1 - (7 - 4)) + 1611. Calculate the highest common divisor of 91 and p.
13
Let j(c) be the first derivative of 2*c**3/3 - 5*c**2 + 10*c + 84. Let b be j(7). Calculate the greatest common factor of 95 and b.
19
Let b = 378 + 447. Calculate the greatest common factor of b and 200.
25
Suppose -20 = 5*o, -10*o = -d - 8*o + 1952. Calculate the greatest common factor of d and 9.
9
Suppose 0 = -33*u - 2*u + 875. Let p be (10/8)/((-4)/(-80)). Let k be (-1)/5 + 630/p. What is the greatest common divisor of k and u?
25
Let r(l) = 9*l - 5. Let c be r(4). Suppose -11 = 4*j - c. Suppose -5*i - j*a - 11 = -a, 3*a + 8 = -4*i. Calculate the greatest common factor of i and 2.
1
Suppose -6*y = -85*a + 89*a - 472, -y = 5*a - 577. Calculate the highest common divisor of a and 22655.
115
Let j be (5/3)/(29/87). Suppose -13 - j = -3*a - 3*m, -2 = m. Calculate the greatest common factor of 20 and a.
4
Let w be -47*(-7)/(42/(-18)). Let x = 152 + w. Calculate the greatest common factor of x and 77.
11
Let h(x) = -192*x - 567. Let k be h(-3). What is the greatest common divisor of 3 and k?
3
Let d be 2 + -2 + 5 + (-2)/(-1). Let o be 3/d - 30528/(-112). Calculate the greatest common divisor of o and 21.
21
Let y be ((-6)/(-2) + -1)*(-24 - -32 - -6). Let l be (3/2)/(4/672). Calculate the greatest common factor of y and l.
28
Suppose 3*u + 4*m - 85 = 8*m, 0 = 5*u - 5*m - 140. Let w be (9/(-7))/(84/(-588)). What is the greatest common factor of w and u?
9
Let s be (18/24*-2)/(6/(-484)). Let v = s + -116. Suppose -2*l - 360 = -v*l. What is the highest common divisor of l and 15?
15
Let s(h) = 5*h + 18. Let b be (0 - (6 - 6))/(-2). Let y be s(b). What is the greatest common factor of y and 144?
18
Let s be -4 + 9 + 0 + 22. Suppose 29*h - 204 = s*h. Let v be (6/(-4))/((-17)/h). Calculate the highest common factor of 18 and v.
9
Suppose 3*n + k + 37 = 0, -2*k - 53 = 3*n + 3*k. Let p be (-2)/(-4)*(169 + n). Calculate the highest common divisor of p and 316.
79
Suppose -14*v = -7*v - 49. Let m be (9 + 3 - v) + 73. What is the highest common factor of 39 and m?
39
Let p = 221 - 197. Let y = -277 + 685. What is the greatest common factor of p and y?
24
Let k be (-9 - -12) + (-10)/10. Calculate the greatest common divisor of 145 and k.
1
Let o be (-205)/(-20) - (-2)/(-8). Let v = o + 2. Suppose -323 = 5*i - 863. Calculate the highest common factor of v and i.
12
Let l be (-37)/4440*15 + 9362/16. Calculate the greatest common divisor of l and 156.
39
Let n be 5 - (4 + 44/(-8))/(51/136). What is the greatest common factor of 6255 and n?
9
Suppose -6451 = 38*z + 7*z - 23461. What is the greatest common factor of z and 154?
14
Suppose 0 = -14*g - 129*g + 409981. Calculate the highest common divisor of 61 and g.
61
Suppose 10*g - 20 = -5*i, -i - 17 = -3*g - 51. What is the greatest common factor of i and 248?
8
Let a(r) = -23*r**3 - 4*r**2 + 276*r + 2200. Let u be a(-8). Calculate the greatest common divisor of u and 16.
8
Suppose 1282 + 158 = 5*v. Let m(r) = -r**3 - 5*r**2 + 54*r + 246. Let g be m(-8). What is the highest common factor of v and g?
6
Let l(d) = 7*d**3 - d**2 + 22*d - 46. Let q be l(2). Let z be (q/4 - 2)*252/49. What is the greatest common factor of z and 702?
54
Suppose 294 = 3*u + 279. Suppose 13 = o - d - 0*d, -u*o + d = -81. What is the greatest common factor of o and 629?
17
Suppose 6348 = 31*w - 1092. Calculate the greatest common factor of w and 195.
15
Let q(p) = p**2 + 10*p - 17. Let i be q(-12). Suppose -1 = -h - i. Let n be (-200)/16*h/5. Calculate the highest common factor of n and 5.
5
Let t = -66 - -151. Let w be (-5)/75*-5 + (-229)/3. Let f = w + t. Calculate the highest common factor of 12 and f.
3
Suppose -32*b - 10431 + 15231 = 0. What is the greatest common divisor of 2125 and b?
25
Let k be (108/(-10))/(12*40/(-1200)). Suppose -366 = -5*t + 39. Calculate the highest common divisor of k and t.
27
Let r be 202/5 + 172/(-430). Suppose 4*v + 32 = 4*h, h + 4*v + 15 + 2 = 0. Suppose -h*w + 19 + 29 = 0. Calculate the highest common factor of w and r.
8
Let t = -167 - -242. Let c be 27/(-6)*(-8)/6. Suppose u + t = c*u. Calculate the greatest common factor of u and 20.
5
Let p = -353 - -347. Let v(r) = r**3 + 11*r**2 + 9*r - 11. Let x be v(p). Let m be 24 + 2 + (-5 - -2). What is the highest common divisor of x and m?
23
Suppose -5*v - d + 279 = 0, 140*v - d = 141*v - 59. Calculate the highest common divisor of v and 121.
11
Suppose -15*r + 9*r + 20*r = 224. What is the highest common divisor of r and 2472?
8
Suppose -3865*b + 3891*b - 29406 = 0. Calculate the greatest common divisor of 1653 and b.
87
Let h(f) = -f**2 + 19*f + 4. Let c be h(2). Suppose -8*j - 1560 = -c*j. Let q = 4 + 0. What is the greatest common factor of q and j?
4
Suppose -11*a + 9*a = 272. Let p be (a/16)/(2/(-44)). Calculate the greatest common divisor of p and 17.
17
Suppose -7634 = -71*m - 6285. Suppose -4*q - 5*v + 489 = -1274, -4*q + 1760 = 4*v. What is the greatest common divisor of q and m?
19
Let p = 30 + 230. Suppose -9*h - 4*h = -p. What is the highest common divisor of 180 and h?
20
Suppose 16 = 12*y - 8